- 46*n + 907. Give k(15).
-8
Let u(t) = t**3 - 8*t**2 + 7*t + 25. What is u(8)?
81
Let g(s) = 31*s - 74. What is g(5)?
81
Let d(f) = -354*f + 4122. Determine d(12).
-126
Let n(h) = -h**3 - 28*h**2 + 63*h - 60. Calculate n(-30).
-150
Let r(k) = -10*k - 230. Give r(20).
-430
Let g(t) = t**3 - 2*t**2 - 290*t - 19. Give g(-16).
13
Let f(s) = -6*s**2 + 5*s + 4. Give f(2).
-10
Let j(m) = m**3 + 3*m**2 - 18*m + 13. What is j(-6)?
13
Let u(i) = -1013*i - 159. Give u(0).
-159
Let r(p) = 166*p - 3484. Calculate r(21).
2
Let a(g) = g**3 - 48*g**2 + 34*g + 21. Calculate a(47).
-590
Let d(s) = -36*s + 500. Give d(6).
284
Let t(j) = j**3 - 73*j**2 + 141*j + 72. Give t(71).
1
Let j(t) = -t**2 - 7*t + 14. Determine j(8).
-106
Let r(w) = w**3 - 164*w**2 - 173*w + 1334. Calculate r(165).
14
Let y(d) = d**3 + 5*d**2 + 37*d + 198. Calculate y(-5).
13
Let y(q) = 3*q**3 + 163. Calculate y(0).
163
Let b(p) = -59*p**2 - 16*p + 4. Determine b(2).
-264
Let m(f) = 4*f + 131. Calculate m(-2).
123
Let x(j) = -60*j**2 - 659*j + 23. What is x(-11)?
12
Let c(z) = -z**2 - 5*z + 26. Calculate c(3).
2
Let b(w) = w**3 - 41*w**2 + 236*w + 30. What is b(34)?
-38
Let d(s) = 36*s - 161. Calculate d(-1).
-197
Let l(o) = -2*o**2 + 31*o + 1178. Calculate l(-18).
-28
Let j(p) = p**3 + 16*p**2 + 298*p + 2690. Calculate j(-11).
17
Let t(p) = 25*p**2 + 366*p - 108. What is t(-15)?
27
Let l(n) = -2826*n + 2928. What is l(1)?
102
Let l(o) = -o**2 + 44*o - 356. What is l(33)?
7
Let u(d) = 13*d**2 + 37*d + 126. Determine u(-4).
186
Let p(v) = -36*v + 1949. Determine p(55).
-31
Let k(y) = -81*y - 2025. Give k(-25).
0
Let m(i) = -2*i - 95. Give m(17).
-129
Let z(h) = -3*h**2 - 114*h - 500. What is z(-5)?
-5
Let d(p) = 11*p**2 - 10*p - 7. Give d(-4).
209
Let k(d) = 2*d**2 + 79*d + 383. What is k(-5)?
38
Let d(c) = -23*c**2 + 390*c + 14. Give d(17).
-3
Let l(h) = -18*h**2 - 144*h + 155. What is l(-9)?
-7
Let g(f) = -10*f**2 - 110*f. Determine g(-11).
0
Let o(j) = 18*j**3 - 266*j**2 - 67*j + 109. What is o(15)?
4
Let o(s) = 99*s - 1677. Give o(16).
-93
Let j(p) = 2*p**3 + 16*p**2 + 39*p + 190. Determine j(-7).
15
Let f(g) = 128*g**2 - 54*g - 114. Calculate f(-2).
506
Let t(w) = 181*w - 1086. Calculate t(6).
0
Let k(i) = -56*i - 511. What is k(-9)?
-7
Let o(v) = -v**3 - 88*v**2 + 75*v + 6588. Calculate o(-88).
-12
Let n(j) = 2*j**2 - 27*j - 49. Calculate n(13).
-62
Let w(n) = -5*n**3 - 21*n**2 + 153*n - 12. Give w(4).
-56
Let l(r) = -r**2 + 26*r + 111. Give l(24).
159
Let y(p) = 326*p**2 - 1302*p - 12. What is y(4)?
-4
Let m(y) = 68*y + 991. Determine m(-14).
39
Let l(a) = -a**2 - 46*a + 47. Calculate l(-40).
287
Let p(t) = -130*t + 1071. Determine p(8).
31
Let l(m) = -257*m - 10783. Give l(-42).
11
Let i(s) = s**3 + 15*s**2 + 26*s + 112. What is i(-9)?
364
Let o(q) = -2*q**2 + 42*q - 220. What is o(12)?
-4
Let y(r) = r**2 - 4*r + 4. Determine y(-2).
16
Let x(y) = -16*y - 104. Calculate x(-11).
72
Let m(w) = 2*w**3 - 90*w**2 - 101*w + 172. Calculate m(46).
-242
Let o(w) = -w**3 - 11*w**2 - 4*w + 87. Give o(-10).
27
Let r(l) = -37*l**3 - 14*l**2 + 28*l + 52. Give r(-2).
236
Let w(z) = z**3 + 75*z**2 + 69*z - 399. Give w(-74).
-29
Let b(f) = f**3 - 4*f**2 + 3*f - 36. Determine b(4).
-24
Let n(h) = h**3 + 35*h**2 + 65*h - 149. Calculate n(-33).
-116
Let b(l) = l**2 - 156*l + 3379. What is b(26)?
-1
Let y(g) = -68*g + 4. What is y(-1)?
72
Let y(o) = -o**3 + 6*o**2 - 5*o + 5. Determine y(3).
17
Let w(c) = -c**3 - 8*c**2 - 285*c - 2645. Determine w(-9).
1
Let d(v) = 4*v**3 + 5*v**2 - 5*v - 6. Calculate d(2).
36
Let o(y) = 59*y - 2910. Determine o(49).
-19
Let d(g) = 15*g - 2. Calculate d(0).
-2
Let z(i) = -i**2 - 2*i - 97. Calculate z(-8).
-145
Let c(v) = 4*v**2 + 12*v - 11. Determine c(-4).
5
Let u(l) = -l**3 - l**2 - 28*l - 17. Determine u(-4).
143
Let p(x) = -x**3 - 15*x**2 - 26*x + 70. Determine p(-4).
-2
Let u(r) = -r**2 - 3*r + 438. Determine u(-25).
-112
Let w(l) = -10545*l + 31641. Give w(3).
6
Let n(x) = -7*x + 184. Calculate n(14).
86
Let k(n) = 2*n**2 + 205*n + 2271. What is k(-12)?
99
Let m(x) = x**3 - 12*x**2 - 20*x + 8. Determine m(13).
-83
Let a(u) = 2*u**3 - 12*u**2 - 21*u + 41. What is a(7)?
-8
Let a(n) = -131*n + 526. Calculate a(8).
-522
Let j(d) = 2*d**2 + 534*d - 533. What is j(1)?
3
Let r(p) = p**2 + 21*p - 99. What is r(-15)?
-189
Let z(m) = m**3 + 9*m**2 - 17*m - 158. What is z(-9)?
-5
Let b(t) = -17*t**2 - 64*t + 136. Give b(2).
-60
Let u(p) = -233*p + 3696. What is u(15)?
201
Let t(n) = -34*n**3 - 7*n**2 + 17*n - 4. Give t(2).
-270
Let z(t) = -t**3 + 62*t**2 + 67*t - 185. What is z(63)?
67
Let p(g) = 4*g**3 - 32*g**2 + 24*g - 3. Calculate p(7).
-31
Let k(c) = 465*c - 11157. Calculate k(24).
3
Let m(x) = x**2 - 22*x + 662. Give m(19).
605
Let u(k) = k**2 + 31*k + 251. Give u(-9).
53
Let h(y) = 197*y + 1779. Give h(-9).
6
Let d(s) = -11*s + 445. What is d(16)?
269
Let p(a) = -a**3 + 12*a**2 - 8*a + 163. Give p(12).
67
Let n(o) = 644*o - 1289. Give n(2).
-1
Let y(t) = 17*t**3 - 5302*t**2 - 622*t - 618. Calculate y(312).
6
Let g(s) = -14*s**2 + 127*s - 9. What is g(8)?
111
Let r(m) = m**3 - 44*m**2 + 79*m + 131. Calculate r(42).
-79
Let b(k) = k**2 - 61*k - 3496. Determine b(-36).
-4
Let x(t) = 2*t**2 + 3*t + 17. Give x(-6).
71
Let m(b) = b**3 - 55*b**2 - 432*b - 121. Determine m(62).
3
Let n(y) = 465*y + 21860. Calculate n(-47).
5
Let y(c) = 5803*c + 29013. Give y(-5).
-2
Let f(z) = -2*z**3 - 9*z**2 + 2*z - 1. Calculate f(-2).
-25
Let m(u) = 5*u**3 + 7*u**2 - 78*u - 28. Calculate m(0).
-28
Let q(j) = j**3 - 16*j**2 - 12*j + 421. Determine q(15).
16
Let x(k) = k**3 + 13*k**2 + 10*k + 1. Give x(-12).
25
Let b(l) = -306*l - 3360. Determine b(-11).
6
Let j(u) = -9*u - 168. Give j(-14).
-42
Let x(c) = -49*c - 650. What is x(-11)?
-111
Let h(t) = 9*t - 176. Calculate h(10).
-86
Let d(a) = -a**2 + 160*a - 981. Determine d(6).
-57
Let q(x) = -3*x**3 - 47*x**2 - 39*x + 234. Calculate q(-14).
-200
Let g(v) = -308*v + 8657. Calculate g(28).
33
Let l(j) = -176*j + 3867. Give l(22).
-5
Let k(f) = f**3 + 6*f**2 - 7*f - 78. What is k(-4)?
-18
Let g(n) = n**2 + 18*n - 1510. What is g(-49)?
9
Let k(g) = 401*g**2 + 10829*g + 49. Give k(-27).
-5
Let w(u) = -1337*u - 5386. Determine w(-4).
-38
Let n(c) = 42*c + 1462. Calculate n(-35).
-8
Let z(h) = -h**2 + 309*h - 17219. Give z(73).
9
Let r(f) = -f**3 - 47*f**2 - 51*f - 227. Give r(-46).
3
Let c(s) = 6*s**3 + 37*s**2 + 6*s - 10. Calculate c(-6).
-10
Let d(x) = x**3 + 111*x**2 + 13*x + 1329. Give d(-111).
-114
Let t(k) = 333*k + 1653. What is t(-5)?
-12
Let r(g) = g**3 - 61*g**2 + 113*g + 320. What is r(59)?
25
Let x(o) = o**3 + 54*o**2 + 34*o - 958. Determine x(-53).
49
Let d(x) = 11*x**3 - x**2 - 1684*x + 1684. Determine d(1).
10
Let z(f) = f**2 - 28*f + 21. Give z(24).
-75
Let r(s) = -30*s - 468. What is r(-2)?
-408
Let l(j) = 3*j**3 - 8*j**2 - 21*j + 1. Calculate l(-2).
-13
Let i(g) = -g**3 + 71*g**2 - 446*g - 116. Calculate i(64).
12
Let n(o) = -2*o**2 + 289*o + 582. Calculate n(-2).
-4
Let a(q) = q**3 + 5*q**2 + 36*q + 247. Determine a(-6).
-5
Let m(g) = -54*g**2 + 46*g. Determine m(3).
-348
Let n(w) = -12*w**2 - 142*w - 36. Calculate n(-16).
-836
Let u(o) = 5*o**2 + 20*o - 6. What is u(-6)?
54
Let z(v) = v**2 + 78*v - 153. What is z(-80)?
7
Let d(h) = 366*h + 1864. Give d(-5).
34
Let g(p) = 10*p**3 - 3*p**2 - 17*p - 12. Determine g(-1).
-8
Let x(k) = k**2 + 33*k + 154. Give x(-22).
-88
Let f(w) = w**2 + 2454*w + 43838. Determine f(-18).
-10
Let n(p) = 2*p**3 - 41*p**2 - 58*p + 115. Give n(22).
291
Let n(l) = -l**3 + 8*l**2 + 140*l - 95. Give n(16).
97
Let z(x) = 688*x + 14448. What is z(-21)?
0
Let o(p) = -p**2 - 123*p + 2387. Calculate o(17).
7
Let i(k) = -5*k**3 - 34*k**2 + 37*k + 217. Calculate i(-7).
7
Let h(k) = -2*k**2 + 95*k + 542. Calculate h(53).
-41
Let y(i) = -2*i**2 + 12*i + 105. What is y(10)?
25
Let y(g) = -3*g**3 - 16*g**2 - 32*g - 44. What is y(-4)?
20
Let r(z) = 88*z - 206. Determine r(3).
58
Let k(q) = 2*q**3 + 14*q**2 + 23*q + 36. What is k(-5)?
21
Let g(r) = 25*r - 41. Calculate g(-9).
-266
Let n(c) = 444*c + 5346. What is n(-12)?
18
Let w(m) = -50*m + 140. Determine w(3).
-10
Let m(a) = a**3 - 2*a**2 - 52*a + 10. Give m(10).
290
Let c(k) = -211*k + 4198. Give c(20).
-22
Let w(c) = -2*c**3 - 15*c**2 - 84*c - 396. Calculat